{"id":6215,"date":"2023-02-13T12:30:34","date_gmt":"2023-02-13T12:30:34","guid":{"rendered":"https:\/\/gralhaazulportas1.hospedagemdesites.ws\/?post_type=product&amp;p=3988"},"modified":"2023-02-13T12:30:34","modified_gmt":"2023-02-13T12:30:34","slug":"piso-de-ipe-estruturado-engenheirado","status":"publish","type":"product","link":"https:\/\/conectid.com.br\/gralha-azul-site\/produto\/piso-de-ipe-estruturado-engenheirado\/","title":{"rendered":"Piso de Ip\u00ea Estruturado &#8211;  Engenheirado"},"content":{"rendered":"<p>Piso de Ip\u00ea Estruturado &#8211; Engenheirado &#8211;\u00a0\u00a09 camadas de verniz<\/p>\n<p>&nbsp;<\/p>\n<p>Piso de madeira deixa sua casa muito mais aconchegante e bonita.<\/p>\n<p>a madeira natural fornece calor para a sua casa.<\/p>\n<p>&nbsp;<\/p>\n<p>medidas:<\/p>\n<p>12mm X 120mm<\/p>\n<p>&nbsp;<\/p>\n<p>qualidade:<\/p>\n<p>madeira de primeira qualidade, sem presen\u00e7a de n\u00f3, brancal ou miolo.<\/p>\n<p>primeira classifica\u00e7\u00e3o, padr\u00e3o exporta\u00e7\u00e3o.<\/p>\n<p>&nbsp;<\/p>\n<p>limpeza:<\/p>\n<p>a grande vantagem de uso de um assoalho de madeira envernizado \u00e9 a facilidade de limpeza que \u00e9 feito somente com pano levemente umedecido e dispensa uso de cera, enceradeiras ou produtos abrasivos.<\/p>\n<p>&nbsp;<\/p>\n<p>durabilidade<\/p>\n<p>\u00e9 o material com melhor durabilidade por ser a madeira de maior dureza e \u00e0 natural resist\u00eancia \u00e0 bichos e fungos.<\/p>\n<p>pode ser reaplicado verniz e lixado v\u00e1rias vezes com durabilidade de gera\u00e7\u00f5es.<\/p>\n<p>muito resistente a riscos.<\/p>\n<p>&nbsp;<\/p>\n<p>vantagem de uso:<\/p>\n<p>alto isolamento t\u00e9rmico e ac\u00fastico<\/p>\n<p>produto de maior resist\u00eancia e durabilidade<\/p>\n<p>&nbsp;<\/p>\n<p>indica\u00e7\u00e3o de uso:<\/p>\n<p>\u00e1reas de alto tr\u00e1fego<\/p>\n<p>resid\u00eancias<\/p>\n<p>escrit\u00f3rios<\/p>\n<p>quartos<\/p>\n<p>salas<\/p>\n<p>&nbsp;<\/p>\n<p>acabamento:<\/p>\n<p>sistema de envernizamento em linha de pintura, com aplica\u00e7\u00e3o de 9\u00a0camadas de verniz a base de hidr\u00f3xido de alum\u00ednio.<\/p>\n<p>o verniz proporciona toque de seda que dura por muitos anos.<\/p>\n<p>resist\u00eancia equivalente \u00e0 pintura automotiva.<\/p>\n<p>encaixe macho &amp; femea nos 4 lados das t\u00e1buas dos assoalhos base s\u00f3lida proporcionam m\u00e1ximo acabamento deixando as emendas travadas e evitando que se soltem no decorrer do tempo.<\/p>\n<p>&nbsp;<\/p>\n<p>instala\u00e7\u00e3o:<\/p>\n<p>deve ser instalado sobre contra piso isento de umidade, colado com cola poliuret\u00e2nica.<\/p>\n<p>&nbsp;<\/p>\n<p>cuidados:<\/p>\n<p>n\u00e3o aplicar abrasivos, ceras ou limpadores concentrados sobre o verniz.<\/p>\n","protected":false},"excerpt":{"rendered":"<p>Piso de Ip\u00ea Estruturado &#8211; Engenheirado &#8211;\u00a0\u00a09 camadas de verniz &nbsp; Piso de madeira deixa sua casa muito mais aconchegante e bonita. a madeira natural fornece calor para a sua casa. &nbsp; medidas: 12mm X 120mm &nbsp; qualidade: madeira de primeira qualidade, sem presen\u00e7a de n\u00f3, brancal ou miolo. primeira classifica\u00e7\u00e3o, padr\u00e3o exporta\u00e7\u00e3o. &nbsp; limpeza: a grande vantagem de uso\u2026<\/p>\n","protected":false},"featured_media":3989,"comment_status":"closed","ping_status":"closed","template":"","meta":[],"product_brand":[],"product_cat":[277],"product_tag":[],"class_list":{"0":"post-6215","1":"product","2":"type-product","3":"status-publish","4":"has-post-thumbnail","6":"product_cat-madeira-bruta-e-beneficiada","8":"first","9":"instock","10":"shipping-taxable","11":"product-type-simple"},"yoast_head":"<!-- This site is optimized with the Yoast SEO plugin v26.9 - https:\/\/yoast.com\/product\/yoast-seo-wordpress\/ -->\n<title>Piso de Ip\u00ea Estruturado - Engenheirado<\/title>\n<meta name=\"robots\" content=\"index, follow, max-snippet:-1, max-image-preview:large, max-video-preview:-1\" \/>\n<link rel=\"canonical\" href=\"https:\/\/conectid.com.br\/gralha-azul-site\/produto\/piso-de-ipe-estruturado-engenheirado\/\" \/>\n<meta property=\"og:locale\" content=\"pt_BR\" \/>\n<meta property=\"og:type\" content=\"article\" \/>\n<meta property=\"og:title\" content=\"Piso de Ip\u00ea Estruturado - Engenheirado\" \/>\n<meta property=\"og:description\" content=\"Piso de Ip\u00ea Estruturado &#8211; Engenheirado &#8211;\u00a0\u00a09 camadas de verniz &nbsp; Piso de madeira deixa sua casa muito mais aconchegante e bonita. a madeira natural fornece calor para a sua casa. &nbsp; medidas: 12mm X 120mm &nbsp; qualidade: madeira de primeira qualidade, sem presen\u00e7a de n\u00f3, brancal ou miolo. primeira classifica\u00e7\u00e3o, padr\u00e3o exporta\u00e7\u00e3o. &nbsp; limpeza: a grande vantagem de uso\u2026\" \/>\n<meta property=\"og:url\" content=\"https:\/\/conectid.com.br\/gralha-azul-site\/produto\/piso-de-ipe-estruturado-engenheirado\/\" \/>\n<meta property=\"og:site_name\" content=\"Portas de Madeira em Curitiba - Gralha Azul\" \/>\n<meta property=\"article:publisher\" content=\"https:\/\/www.facebook.com\/gralhaazulportas\" \/>\n<meta name=\"twitter:card\" content=\"summary_large_image\" \/>\n<meta name=\"twitter:label1\" content=\"Est. tempo de leitura\" \/>\n\t<meta name=\"twitter:data1\" content=\"1 minuto\" \/>\n<script type=\"application\/ld+json\" class=\"yoast-schema-graph\">{\"@context\":\"https:\/\/schema.org\",\"@graph\":[{\"@type\":\"WebPage\",\"@id\":\"https:\/\/conectid.com.br\/gralha-azul-site\/produto\/piso-de-ipe-estruturado-engenheirado\/\",\"url\":\"https:\/\/conectid.com.br\/gralha-azul-site\/produto\/piso-de-ipe-estruturado-engenheirado\/\",\"name\":\"Piso de Ip\u00ea Estruturado - Engenheirado\",\"isPartOf\":{\"@id\":\"https:\/\/conectid.com.br\/gralha-azul-site\/#website\"},\"primaryImageOfPage\":{\"@id\":\"https:\/\/conectid.com.br\/gralha-azul-site\/produto\/piso-de-ipe-estruturado-engenheirado\/#primaryimage\"},\"image\":{\"@id\":\"https:\/\/conectid.com.br\/gralha-azul-site\/produto\/piso-de-ipe-estruturado-engenheirado\/#primaryimage\"},\"thumbnailUrl\":\"\",\"datePublished\":\"2023-02-13T12:30:34+00:00\",\"breadcrumb\":{\"@id\":\"https:\/\/conectid.com.br\/gralha-azul-site\/produto\/piso-de-ipe-estruturado-engenheirado\/#breadcrumb\"},\"inLanguage\":\"pt-BR\",\"potentialAction\":[{\"@type\":\"ReadAction\",\"target\":[\"https:\/\/conectid.com.br\/gralha-azul-site\/produto\/piso-de-ipe-estruturado-engenheirado\/\"]}]},{\"@type\":\"ImageObject\",\"inLanguage\":\"pt-BR\",\"@id\":\"https:\/\/conectid.com.br\/gralha-azul-site\/produto\/piso-de-ipe-estruturado-engenheirado\/#primaryimage\",\"url\":\"\",\"contentUrl\":\"\"},{\"@type\":\"BreadcrumbList\",\"@id\":\"https:\/\/conectid.com.br\/gralha-azul-site\/produto\/piso-de-ipe-estruturado-engenheirado\/#breadcrumb\",\"itemListElement\":[{\"@type\":\"ListItem\",\"position\":1,\"name\":\"In\u00edcio\",\"item\":\"https:\/\/conectid.com.br\/gralha-azul-site\/\"},{\"@type\":\"ListItem\",\"position\":2,\"name\":\"Produtos\",\"item\":\"https:\/\/conectid.com.br\/gralha-azul-site\/produtos\/\"},{\"@type\":\"ListItem\",\"position\":3,\"name\":\"Piso de Ip\u00ea Estruturado &#8211; Engenheirado\"}]},{\"@type\":\"WebSite\",\"@id\":\"https:\/\/conectid.com.br\/gralha-azul-site\/#website\",\"url\":\"https:\/\/conectid.com.br\/gralha-azul-site\/\",\"name\":\"Portas de Madeira em Curitiba - Gralha Azul\",\"description\":\"\",\"publisher\":{\"@id\":\"https:\/\/conectid.com.br\/gralha-azul-site\/#organization\"},\"potentialAction\":[{\"@type\":\"SearchAction\",\"target\":{\"@type\":\"EntryPoint\",\"urlTemplate\":\"https:\/\/conectid.com.br\/gralha-azul-site\/?s={search_term_string}\"},\"query-input\":{\"@type\":\"PropertyValueSpecification\",\"valueRequired\":true,\"valueName\":\"search_term_string\"}}],\"inLanguage\":\"pt-BR\"},{\"@type\":\"Organization\",\"@id\":\"https:\/\/conectid.com.br\/gralha-azul-site\/#organization\",\"name\":\"Portas de Madeira em Curitiba - Gralha Azul\",\"url\":\"https:\/\/conectid.com.br\/gralha-azul-site\/\",\"logo\":{\"@type\":\"ImageObject\",\"inLanguage\":\"pt-BR\",\"@id\":\"https:\/\/conectid.com.br\/gralha-azul-site\/#\/schema\/logo\/image\/\",\"url\":\"https:\/\/conectid.com.br\/gralha-azul-site\/wp-content\/uploads\/2021\/02\/gralha-azul-portas-e-madeiras.jpg\",\"contentUrl\":\"https:\/\/conectid.com.br\/gralha-azul-site\/wp-content\/uploads\/2021\/02\/gralha-azul-portas-e-madeiras.jpg\",\"width\":800,\"height\":800,\"caption\":\"Portas de Madeira em Curitiba - Gralha Azul\"},\"image\":{\"@id\":\"https:\/\/conectid.com.br\/gralha-azul-site\/#\/schema\/logo\/image\/\"},\"sameAs\":[\"https:\/\/www.facebook.com\/gralhaazulportas\",\"https:\/\/www.instagram.com\/gralhaazulportas\/\"]}]}<\/script>\n<!-- \/ Yoast SEO plugin. -->","yoast_head_json":{"title":"Piso de Ip\u00ea Estruturado - Engenheirado","robots":{"index":"index","follow":"follow","max-snippet":"max-snippet:-1","max-image-preview":"max-image-preview:large","max-video-preview":"max-video-preview:-1"},"canonical":"https:\/\/conectid.com.br\/gralha-azul-site\/produto\/piso-de-ipe-estruturado-engenheirado\/","og_locale":"pt_BR","og_type":"article","og_title":"Piso de Ip\u00ea Estruturado - Engenheirado","og_description":"Piso de Ip\u00ea Estruturado &#8211; Engenheirado &#8211;\u00a0\u00a09 camadas de verniz &nbsp; Piso de madeira deixa sua casa muito mais aconchegante e bonita. a madeira natural fornece calor para a sua casa. &nbsp; medidas: 12mm X 120mm &nbsp; qualidade: madeira de primeira qualidade, sem presen\u00e7a de n\u00f3, brancal ou miolo. primeira classifica\u00e7\u00e3o, padr\u00e3o exporta\u00e7\u00e3o. &nbsp; limpeza: a grande vantagem de uso\u2026","og_url":"https:\/\/conectid.com.br\/gralha-azul-site\/produto\/piso-de-ipe-estruturado-engenheirado\/","og_site_name":"Portas de Madeira em Curitiba - Gralha Azul","article_publisher":"https:\/\/www.facebook.com\/gralhaazulportas","twitter_card":"summary_large_image","twitter_misc":{"Est. tempo de leitura":"1 minuto"},"schema":{"@context":"https:\/\/schema.org","@graph":[{"@type":"WebPage","@id":"https:\/\/conectid.com.br\/gralha-azul-site\/produto\/piso-de-ipe-estruturado-engenheirado\/","url":"https:\/\/conectid.com.br\/gralha-azul-site\/produto\/piso-de-ipe-estruturado-engenheirado\/","name":"Piso de Ip\u00ea Estruturado - Engenheirado","isPartOf":{"@id":"https:\/\/conectid.com.br\/gralha-azul-site\/#website"},"primaryImageOfPage":{"@id":"https:\/\/conectid.com.br\/gralha-azul-site\/produto\/piso-de-ipe-estruturado-engenheirado\/#primaryimage"},"image":{"@id":"https:\/\/conectid.com.br\/gralha-azul-site\/produto\/piso-de-ipe-estruturado-engenheirado\/#primaryimage"},"thumbnailUrl":"","datePublished":"2023-02-13T12:30:34+00:00","breadcrumb":{"@id":"https:\/\/conectid.com.br\/gralha-azul-site\/produto\/piso-de-ipe-estruturado-engenheirado\/#breadcrumb"},"inLanguage":"pt-BR","potentialAction":[{"@type":"ReadAction","target":["https:\/\/conectid.com.br\/gralha-azul-site\/produto\/piso-de-ipe-estruturado-engenheirado\/"]}]},{"@type":"ImageObject","inLanguage":"pt-BR","@id":"https:\/\/conectid.com.br\/gralha-azul-site\/produto\/piso-de-ipe-estruturado-engenheirado\/#primaryimage","url":"","contentUrl":""},{"@type":"BreadcrumbList","@id":"https:\/\/conectid.com.br\/gralha-azul-site\/produto\/piso-de-ipe-estruturado-engenheirado\/#breadcrumb","itemListElement":[{"@type":"ListItem","position":1,"name":"In\u00edcio","item":"https:\/\/conectid.com.br\/gralha-azul-site\/"},{"@type":"ListItem","position":2,"name":"Produtos","item":"https:\/\/conectid.com.br\/gralha-azul-site\/produtos\/"},{"@type":"ListItem","position":3,"name":"Piso de Ip\u00ea Estruturado &#8211; Engenheirado"}]},{"@type":"WebSite","@id":"https:\/\/conectid.com.br\/gralha-azul-site\/#website","url":"https:\/\/conectid.com.br\/gralha-azul-site\/","name":"Portas de Madeira em Curitiba - Gralha Azul","description":"","publisher":{"@id":"https:\/\/conectid.com.br\/gralha-azul-site\/#organization"},"potentialAction":[{"@type":"SearchAction","target":{"@type":"EntryPoint","urlTemplate":"https:\/\/conectid.com.br\/gralha-azul-site\/?s={search_term_string}"},"query-input":{"@type":"PropertyValueSpecification","valueRequired":true,"valueName":"search_term_string"}}],"inLanguage":"pt-BR"},{"@type":"Organization","@id":"https:\/\/conectid.com.br\/gralha-azul-site\/#organization","name":"Portas de Madeira em Curitiba - Gralha Azul","url":"https:\/\/conectid.com.br\/gralha-azul-site\/","logo":{"@type":"ImageObject","inLanguage":"pt-BR","@id":"https:\/\/conectid.com.br\/gralha-azul-site\/#\/schema\/logo\/image\/","url":"https:\/\/conectid.com.br\/gralha-azul-site\/wp-content\/uploads\/2021\/02\/gralha-azul-portas-e-madeiras.jpg","contentUrl":"https:\/\/conectid.com.br\/gralha-azul-site\/wp-content\/uploads\/2021\/02\/gralha-azul-portas-e-madeiras.jpg","width":800,"height":800,"caption":"Portas de Madeira em Curitiba - Gralha Azul"},"image":{"@id":"https:\/\/conectid.com.br\/gralha-azul-site\/#\/schema\/logo\/image\/"},"sameAs":["https:\/\/www.facebook.com\/gralhaazulportas","https:\/\/www.instagram.com\/gralhaazulportas\/"]}]}},"_links":{"self":[{"href":"https:\/\/conectid.com.br\/gralha-azul-site\/wp-json\/wp\/v2\/product\/6215","targetHints":{"allow":["GET"]}}],"collection":[{"href":"https:\/\/conectid.com.br\/gralha-azul-site\/wp-json\/wp\/v2\/product"}],"about":[{"href":"https:\/\/conectid.com.br\/gralha-azul-site\/wp-json\/wp\/v2\/types\/product"}],"replies":[{"embeddable":true,"href":"https:\/\/conectid.com.br\/gralha-azul-site\/wp-json\/wp\/v2\/comments?post=6215"}],"wp:featuredmedia":[{"embeddable":true,"href":"https:\/\/conectid.com.br\/gralha-azul-site\/wp-json\/"}],"wp:attachment":[{"href":"https:\/\/conectid.com.br\/gralha-azul-site\/wp-json\/wp\/v2\/media?parent=6215"}],"wp:term":[{"taxonomy":"product_brand","embeddable":true,"href":"https:\/\/conectid.com.br\/gralha-azul-site\/wp-json\/wp\/v2\/product_brand?post=6215"},{"taxonomy":"product_cat","embeddable":true,"href":"https:\/\/conectid.com.br\/gralha-azul-site\/wp-json\/wp\/v2\/product_cat?post=6215"},{"taxonomy":"product_tag","embeddable":true,"href":"https:\/\/conectid.com.br\/gralha-azul-site\/wp-json\/wp\/v2\/product_tag?post=6215"}],"curies":[{"name":"wp","href":"https:\/\/api.w.org\/{rel}","templated":true}]}}