{"id":2098,"date":"2022-03-16T18:09:18","date_gmt":"2022-03-16T18:09:18","guid":{"rendered":"https:\/\/gralhaazulportas1.hospedagemdesites.ws\/?post_type=product&#038;p=2098"},"modified":"2023-12-06T17:48:58","modified_gmt":"2023-12-06T20:48:58","slug":"kit-porta-pronta-para-dry-wall-curitiba-fundo-primer-ou-madeira","status":"publish","type":"product","link":"https:\/\/conectid.com.br\/gralha-azul-site\/produto\/kit-porta-pronta-para-dry-wall-curitiba-fundo-primer-ou-madeira\/","title":{"rendered":"Kit Porta Pronta Para DRY-WALL Curitiba &#8211; Fundo Primer ou Madeira"},"content":{"rendered":"<p>A solu\u00e7\u00e3o para paredes de dry-wall est\u00e1 aqui na Gralha Azul. Somos especializados em caixilhos e portas para Dry-wall.<\/p>\n<p>Temos uma equipe especializada que conta com as mais modernas m\u00e1quinas para usinagem e montagem dos mais variados tipos de portas, tornando o processo de instala\u00e7\u00e3o mais \u00e1gil. Al\u00e9m disso, trabalhamos com produtos de qualidade, buscando sempre a facilidade e a satisfa\u00e7\u00e3o dos nossos clientes.<br \/>\nAtendemos construtoras com um pre\u00e7o melhor que o de f\u00e1brica.<\/p>\n","protected":false},"excerpt":{"rendered":"<p>A solu\u00e7\u00e3o para paredes de dry-wall est\u00e1 aqui na Gralha Azul. Somos especializados em caixilhos e portas para Dry-wall.<\/p>\n<p>Temos uma equipe especializada, que conta com as mais modernas m\u00e1quinas para usinagem\u00a0na montagem dos Kit Portas Prontas.<\/p>\n<p>Atendemos construtoras com um pre\u00e7o melhor que o de f\u00e1brica.<\/p>\n","protected":false},"featured_media":1970,"comment_status":"closed","ping_status":"closed","template":"","meta":[],"product_brand":[],"product_cat":[283],"product_tag":[],"class_list":{"0":"post-2098","1":"product","2":"type-product","3":"status-publish","4":"has-post-thumbnail","6":"product_cat-portas-internas-em-curitiba","8":"first","9":"instock","10":"sold-individually","11":"shipping-taxable","12":"product-type-simple"},"yoast_head":"<!-- This site is optimized with the Yoast SEO plugin v26.9 - https:\/\/yoast.com\/product\/yoast-seo-wordpress\/ -->\n<title>Kit Porta Pronta Para DRY-WALL Curitiba - Fundo Primer ou Madeira<\/title>\n<meta name=\"description\" content=\"Kit Porta Pronta Para DRY-WALL Curitiba - Fundo Primer ou Madeira em Curitiba: A Gralha Azul trabalha com as melhores pe\u00e7as do mercado.\" \/>\n<meta name=\"robots\" content=\"index, follow, max-snippet:-1, max-image-preview:large, max-video-preview:-1\" \/>\n<link rel=\"canonical\" href=\"https:\/\/conectid.com.br\/gralha-azul-site\/produto\/kit-porta-pronta-para-dry-wall-curitiba-fundo-primer-ou-madeira\/\" \/>\n<meta property=\"og:locale\" content=\"pt_BR\" \/>\n<meta property=\"og:type\" content=\"article\" \/>\n<meta property=\"og:title\" content=\"Kit Porta Pronta Para DRY-WALL Curitiba - Fundo Primer ou Madeira\" \/>\n<meta property=\"og:description\" content=\"Kit Porta Pronta Para DRY-WALL Curitiba - Fundo Primer ou Madeira em Curitiba: A Gralha Azul trabalha com as melhores pe\u00e7as do mercado.\" \/>\n<meta property=\"og:url\" content=\"https:\/\/conectid.com.br\/gralha-azul-site\/produto\/kit-porta-pronta-para-dry-wall-curitiba-fundo-primer-ou-madeira\/\" \/>\n<meta property=\"og:site_name\" content=\"Portas de Madeira em Curitiba - Gralha Azul\" \/>\n<meta property=\"article:publisher\" content=\"https:\/\/www.facebook.com\/gralhaazulportas\" \/>\n<meta property=\"article:modified_time\" content=\"2023-12-06T20:48:58+00:00\" \/>\n<meta name=\"twitter:card\" content=\"summary_large_image\" \/>\n<script type=\"application\/ld+json\" class=\"yoast-schema-graph\">{\"@context\":\"https:\/\/schema.org\",\"@graph\":[{\"@type\":\"WebPage\",\"@id\":\"https:\/\/conectid.com.br\/gralha-azul-site\/produto\/kit-porta-pronta-para-dry-wall-curitiba-fundo-primer-ou-madeira\/\",\"url\":\"https:\/\/conectid.com.br\/gralha-azul-site\/produto\/kit-porta-pronta-para-dry-wall-curitiba-fundo-primer-ou-madeira\/\",\"name\":\"Kit Porta Pronta Para DRY-WALL Curitiba - Fundo Primer ou Madeira\",\"isPartOf\":{\"@id\":\"https:\/\/conectid.com.br\/gralha-azul-site\/#website\"},\"primaryImageOfPage\":{\"@id\":\"https:\/\/conectid.com.br\/gralha-azul-site\/produto\/kit-porta-pronta-para-dry-wall-curitiba-fundo-primer-ou-madeira\/#primaryimage\"},\"image\":{\"@id\":\"https:\/\/conectid.com.br\/gralha-azul-site\/produto\/kit-porta-pronta-para-dry-wall-curitiba-fundo-primer-ou-madeira\/#primaryimage\"},\"thumbnailUrl\":\"\",\"datePublished\":\"2022-03-16T18:09:18+00:00\",\"dateModified\":\"2023-12-06T20:48:58+00:00\",\"description\":\"Kit Porta Pronta Para DRY-WALL Curitiba - Fundo Primer ou Madeira em Curitiba: A Gralha Azul trabalha com as melhores pe\u00e7as do mercado.\",\"breadcrumb\":{\"@id\":\"https:\/\/conectid.com.br\/gralha-azul-site\/produto\/kit-porta-pronta-para-dry-wall-curitiba-fundo-primer-ou-madeira\/#breadcrumb\"},\"inLanguage\":\"pt-BR\",\"potentialAction\":[{\"@type\":\"ReadAction\",\"target\":[\"https:\/\/conectid.com.br\/gralha-azul-site\/produto\/kit-porta-pronta-para-dry-wall-curitiba-fundo-primer-ou-madeira\/\"]}]},{\"@type\":\"ImageObject\",\"inLanguage\":\"pt-BR\",\"@id\":\"https:\/\/conectid.com.br\/gralha-azul-site\/produto\/kit-porta-pronta-para-dry-wall-curitiba-fundo-primer-ou-madeira\/#primaryimage\",\"url\":\"\",\"contentUrl\":\"\"},{\"@type\":\"BreadcrumbList\",\"@id\":\"https:\/\/conectid.com.br\/gralha-azul-site\/produto\/kit-porta-pronta-para-dry-wall-curitiba-fundo-primer-ou-madeira\/#breadcrumb\",\"itemListElement\":[{\"@type\":\"ListItem\",\"position\":1,\"name\":\"In\u00edcio\",\"item\":\"https:\/\/conectid.com.br\/gralha-azul-site\/\"},{\"@type\":\"ListItem\",\"position\":2,\"name\":\"Produtos\",\"item\":\"https:\/\/conectid.com.br\/gralha-azul-site\/produtos\/\"},{\"@type\":\"ListItem\",\"position\":3,\"name\":\"Kit Porta Pronta Para DRY-WALL Curitiba &#8211; Fundo Primer ou Madeira\"}]},{\"@type\":\"WebSite\",\"@id\":\"https:\/\/conectid.com.br\/gralha-azul-site\/#website\",\"url\":\"https:\/\/conectid.com.br\/gralha-azul-site\/\",\"name\":\"Portas de Madeira em Curitiba - Gralha Azul\",\"description\":\"\",\"publisher\":{\"@id\":\"https:\/\/conectid.com.br\/gralha-azul-site\/#organization\"},\"potentialAction\":[{\"@type\":\"SearchAction\",\"target\":{\"@type\":\"EntryPoint\",\"urlTemplate\":\"https:\/\/conectid.com.br\/gralha-azul-site\/?s={search_term_string}\"},\"query-input\":{\"@type\":\"PropertyValueSpecification\",\"valueRequired\":true,\"valueName\":\"search_term_string\"}}],\"inLanguage\":\"pt-BR\"},{\"@type\":\"Organization\",\"@id\":\"https:\/\/conectid.com.br\/gralha-azul-site\/#organization\",\"name\":\"Portas de Madeira em Curitiba - Gralha Azul\",\"url\":\"https:\/\/conectid.com.br\/gralha-azul-site\/\",\"logo\":{\"@type\":\"ImageObject\",\"inLanguage\":\"pt-BR\",\"@id\":\"https:\/\/conectid.com.br\/gralha-azul-site\/#\/schema\/logo\/image\/\",\"url\":\"https:\/\/conectid.com.br\/gralha-azul-site\/wp-content\/uploads\/2021\/02\/gralha-azul-portas-e-madeiras.jpg\",\"contentUrl\":\"https:\/\/conectid.com.br\/gralha-azul-site\/wp-content\/uploads\/2021\/02\/gralha-azul-portas-e-madeiras.jpg\",\"width\":800,\"height\":800,\"caption\":\"Portas de Madeira em Curitiba - Gralha Azul\"},\"image\":{\"@id\":\"https:\/\/conectid.com.br\/gralha-azul-site\/#\/schema\/logo\/image\/\"},\"sameAs\":[\"https:\/\/www.facebook.com\/gralhaazulportas\",\"https:\/\/www.instagram.com\/gralhaazulportas\/\"]}]}<\/script>\n<!-- \/ Yoast SEO plugin. -->","yoast_head_json":{"title":"Kit Porta Pronta Para DRY-WALL Curitiba - Fundo Primer ou Madeira","description":"Kit Porta Pronta Para DRY-WALL Curitiba - Fundo Primer ou Madeira em Curitiba: A Gralha Azul trabalha com as melhores pe\u00e7as do mercado.","robots":{"index":"index","follow":"follow","max-snippet":"max-snippet:-1","max-image-preview":"max-image-preview:large","max-video-preview":"max-video-preview:-1"},"canonical":"https:\/\/conectid.com.br\/gralha-azul-site\/produto\/kit-porta-pronta-para-dry-wall-curitiba-fundo-primer-ou-madeira\/","og_locale":"pt_BR","og_type":"article","og_title":"Kit Porta Pronta Para DRY-WALL Curitiba - Fundo Primer ou Madeira","og_description":"Kit Porta Pronta Para DRY-WALL Curitiba - Fundo Primer ou Madeira em Curitiba: A Gralha Azul trabalha com as melhores pe\u00e7as do mercado.","og_url":"https:\/\/conectid.com.br\/gralha-azul-site\/produto\/kit-porta-pronta-para-dry-wall-curitiba-fundo-primer-ou-madeira\/","og_site_name":"Portas de Madeira em Curitiba - Gralha Azul","article_publisher":"https:\/\/www.facebook.com\/gralhaazulportas","article_modified_time":"2023-12-06T20:48:58+00:00","twitter_card":"summary_large_image","schema":{"@context":"https:\/\/schema.org","@graph":[{"@type":"WebPage","@id":"https:\/\/conectid.com.br\/gralha-azul-site\/produto\/kit-porta-pronta-para-dry-wall-curitiba-fundo-primer-ou-madeira\/","url":"https:\/\/conectid.com.br\/gralha-azul-site\/produto\/kit-porta-pronta-para-dry-wall-curitiba-fundo-primer-ou-madeira\/","name":"Kit Porta Pronta Para DRY-WALL Curitiba - Fundo Primer ou Madeira","isPartOf":{"@id":"https:\/\/conectid.com.br\/gralha-azul-site\/#website"},"primaryImageOfPage":{"@id":"https:\/\/conectid.com.br\/gralha-azul-site\/produto\/kit-porta-pronta-para-dry-wall-curitiba-fundo-primer-ou-madeira\/#primaryimage"},"image":{"@id":"https:\/\/conectid.com.br\/gralha-azul-site\/produto\/kit-porta-pronta-para-dry-wall-curitiba-fundo-primer-ou-madeira\/#primaryimage"},"thumbnailUrl":"","datePublished":"2022-03-16T18:09:18+00:00","dateModified":"2023-12-06T20:48:58+00:00","description":"Kit Porta Pronta Para DRY-WALL Curitiba - Fundo Primer ou Madeira em Curitiba: A Gralha Azul trabalha com as melhores pe\u00e7as do mercado.","breadcrumb":{"@id":"https:\/\/conectid.com.br\/gralha-azul-site\/produto\/kit-porta-pronta-para-dry-wall-curitiba-fundo-primer-ou-madeira\/#breadcrumb"},"inLanguage":"pt-BR","potentialAction":[{"@type":"ReadAction","target":["https:\/\/conectid.com.br\/gralha-azul-site\/produto\/kit-porta-pronta-para-dry-wall-curitiba-fundo-primer-ou-madeira\/"]}]},{"@type":"ImageObject","inLanguage":"pt-BR","@id":"https:\/\/conectid.com.br\/gralha-azul-site\/produto\/kit-porta-pronta-para-dry-wall-curitiba-fundo-primer-ou-madeira\/#primaryimage","url":"","contentUrl":""},{"@type":"BreadcrumbList","@id":"https:\/\/conectid.com.br\/gralha-azul-site\/produto\/kit-porta-pronta-para-dry-wall-curitiba-fundo-primer-ou-madeira\/#breadcrumb","itemListElement":[{"@type":"ListItem","position":1,"name":"In\u00edcio","item":"https:\/\/conectid.com.br\/gralha-azul-site\/"},{"@type":"ListItem","position":2,"name":"Produtos","item":"https:\/\/conectid.com.br\/gralha-azul-site\/produtos\/"},{"@type":"ListItem","position":3,"name":"Kit Porta Pronta Para DRY-WALL Curitiba &#8211; Fundo Primer ou Madeira"}]},{"@type":"WebSite","@id":"https:\/\/conectid.com.br\/gralha-azul-site\/#website","url":"https:\/\/conectid.com.br\/gralha-azul-site\/","name":"Portas de Madeira em Curitiba - Gralha Azul","description":"","publisher":{"@id":"https:\/\/conectid.com.br\/gralha-azul-site\/#organization"},"potentialAction":[{"@type":"SearchAction","target":{"@type":"EntryPoint","urlTemplate":"https:\/\/conectid.com.br\/gralha-azul-site\/?s={search_term_string}"},"query-input":{"@type":"PropertyValueSpecification","valueRequired":true,"valueName":"search_term_string"}}],"inLanguage":"pt-BR"},{"@type":"Organization","@id":"https:\/\/conectid.com.br\/gralha-azul-site\/#organization","name":"Portas de Madeira em Curitiba - Gralha Azul","url":"https:\/\/conectid.com.br\/gralha-azul-site\/","logo":{"@type":"ImageObject","inLanguage":"pt-BR","@id":"https:\/\/conectid.com.br\/gralha-azul-site\/#\/schema\/logo\/image\/","url":"https:\/\/conectid.com.br\/gralha-azul-site\/wp-content\/uploads\/2021\/02\/gralha-azul-portas-e-madeiras.jpg","contentUrl":"https:\/\/conectid.com.br\/gralha-azul-site\/wp-content\/uploads\/2021\/02\/gralha-azul-portas-e-madeiras.jpg","width":800,"height":800,"caption":"Portas de Madeira em Curitiba - Gralha Azul"},"image":{"@id":"https:\/\/conectid.com.br\/gralha-azul-site\/#\/schema\/logo\/image\/"},"sameAs":["https:\/\/www.facebook.com\/gralhaazulportas","https:\/\/www.instagram.com\/gralhaazulportas\/"]}]}},"_links":{"self":[{"href":"https:\/\/conectid.com.br\/gralha-azul-site\/wp-json\/wp\/v2\/product\/2098","targetHints":{"allow":["GET"]}}],"collection":[{"href":"https:\/\/conectid.com.br\/gralha-azul-site\/wp-json\/wp\/v2\/product"}],"about":[{"href":"https:\/\/conectid.com.br\/gralha-azul-site\/wp-json\/wp\/v2\/types\/product"}],"replies":[{"embeddable":true,"href":"https:\/\/conectid.com.br\/gralha-azul-site\/wp-json\/wp\/v2\/comments?post=2098"}],"wp:featuredmedia":[{"embeddable":true,"href":"https:\/\/conectid.com.br\/gralha-azul-site\/wp-json\/"}],"wp:attachment":[{"href":"https:\/\/conectid.com.br\/gralha-azul-site\/wp-json\/wp\/v2\/media?parent=2098"}],"wp:term":[{"taxonomy":"product_brand","embeddable":true,"href":"https:\/\/conectid.com.br\/gralha-azul-site\/wp-json\/wp\/v2\/product_brand?post=2098"},{"taxonomy":"product_cat","embeddable":true,"href":"https:\/\/conectid.com.br\/gralha-azul-site\/wp-json\/wp\/v2\/product_cat?post=2098"},{"taxonomy":"product_tag","embeddable":true,"href":"https:\/\/conectid.com.br\/gralha-azul-site\/wp-json\/wp\/v2\/product_tag?post=2098"}],"curies":[{"name":"wp","href":"https:\/\/api.w.org\/{rel}","templated":true}]}}